**2 - g**2. What is the remainder when 2 is divided by d(-6)?
0
Let y = 26 - 15. Let d = -7 + y. Let r(z) = z**2 - 3*z + 3. What is the remainder when 13 is divided by r(d)?
6
Calculate the remainder when 102 is divided by (-247)/(-7) + 12/(-42).
32
Suppose -468 = -0*f - 12*f. Calculate the remainder when f is divided by 14.
11
Let z = 25 + -14. Calculate the remainder when 31 is divided by z.
9
Suppose -20 = -2*a - 4*g, 2*g = a - 3*g + 18. Let p be (-1)/(a/(0 + -38)). Calculate the remainder when 26 is divided by p + -3 - 2*1.
12
Let a(x) = 28*x**2 + 1. Calculate the remainder when a(1) is divided by 8.
5
Suppose -v + 355 = 3*h, 2*h - 3*h + 113 = -v. Let a be (-4)/10 - h/(-5). Let o = a + -13. Calculate the remainder when o is divided by 4.
2
Calculate the remainder when 116/3 - (-3)/9 is divided by (8*25/70)/(4/14).
9
Suppose -300 = -5*r - 0*r. Calculate the remainder when r is divided by 21.
18
Let l = 48 + -39. Calculate the remainder when 213/5 - (-2)/5 is divided by l.
7
Suppose -5*h + 2*z + 9 = -21, -5*h - z = -30. Suppose h*y - 2*y = 32. Let m(r) = r**2 + 2*r + 6. Calculate the remainder when m(-4) is divided by y.
6
Suppose 4*w = -2*n - 3*n - 30, 5*w = -3*n - 31. Let a = -2 - w. Calculate the remainder when 6 is divided by a.
0
Suppose 0 = -g - 0*g + 9. Suppose -4*u = -0*u + 5*n - 17, 3*u - 11 = -2*n. What is the remainder when g is divided by u?
0
Let b = -46 + 64. What is the remainder when b is divided by 7?
4
Let k(s) = -s - 4. Let z be k(-6). Suppose 4 = 4*g - z*g. Calculate the remainder when 2 is divided by g.
0
Suppose 2*h - 34 = -12. Suppose -4*l = 4*x - 4, -3*x + 0 = l - 11. Let u = l - -10. What is the remainder when h is divided by u?
5
Let o(t) = t**3 - 4*t**2 - 6*t + 7. Let u be o(5). Suppose -2*h - 2*k = h - 7, 0 = h + k - u. Calculate the remainder when (0 - 7)/(-9 + 8) is divided by h.
1
Suppose 12 = 4*h + 4. Suppose -m + 0*m + h = 0, 0 = 5*w - m - 28. Let j = 23 - 2. What is the remainder when j is divided by w?
3
Let q(i) = -i - 2. Let f be q(-4). Suppose -3*u - r + 30 = -u, -5 = -u + f*r. What is the remainder when 36 is divided by u?
10
Suppose 3*x + 12 = -4*j, -j + 2*j - 5*x + 3 = 0. Let t = j - -6. What is the remainder when t is divided by 2?
1
Calculate the remainder when 102 is divided by 5/((-240)/(-1688)) - 2/12.
32
Let w be (8/6)/(8/36). Let n = w + 8. What is the remainder when 26 is divided by n?
12
Suppose 59 + 172 = 7*x. What is the remainder when x is divided by 18?
15
Suppose -6*j + 4*j - 112 = -3*s, 5*s - 5*j = 180. Suppose t - 2*i = -i + 14, 0 = 4*t - i - 56. Calculate the remainder when s is divided by t.
12
Let p be (10/(-4))/(3/(-6)). Suppose 10 = -p*s + 30. What is the remainder when 9 is divided by s?
1
Suppose 45 = -y + 6*y. Suppose -8*m + y*m = 5. Calculate the remainder when 7 is divided by m.
2
What is the remainder when 11 is divided by 12/(-30) + 64/10?
5
Let l(r) = -r**3 + 10*r**2 - 10*r + 1. Let j be l(7). Let t = j + 6. Calculate the remainder when t is divided by 22.
18
Calculate the remainder when (31 - 0 - 3)*1 is divided by 10.
8
Let i = 52 - 28. Suppose -5*a + 99 - 34 = 0. Calculate the remainder when i is divided by a.
11
What is the remainder when 13 is divided by (3/6)/((-4)/(-64))?
5
Suppose 70 = y - 3*n - 61, -3*y - n + 343 = 0. Let i = y - 23. Calculate the remainder when i is divided by 24.
21
Suppose -10*b + 186 = -374. Calculate the remainder when b is divided by 30.
26
Let h(l) be the first derivative of -3*l**2/2 - 15*l - 9. What is the remainder when h(-7) is divided by 3?
0
Let b(o) = -132*o**3 - 2*o - 1. What is the remainder when b(-1) is divided by 34?
31
Suppose -2*v - 3*t + 21 = -32, 0 = -5*t + 15. What is the remainder when 85 is divided by v?
19
Suppose -6*f + 5*f + 9 = 3*l, -l + f = -7. Suppose 3*c - l*c = -20. Calculate the remainder when 76 is divided by c.
16
Suppose 5*y - 197 = 53. Calculate the remainder when y is divided by 15.
5
Suppose 4 = 5*c - l, 7*l - 2*l = 4*c - 20. What is the remainder when (-4)/(6/(-21) - c) is divided by 8?
6
Let g = 3 + -7. Let f be 6/3*(-10)/g. Suppose z - 9 = -f*d + 8, d = 4*z - 152. What is the remainder when z is divided by 13?
11
Let i be 5/(-2)*4/(-5). Suppose 3*m - 34 = -5*r, -3*r + i*m = -7*r + 28. What is the remainder when 29 is divided by r?
5
Suppose 46 = 3*s + 2*g, -3*s + 7*s - 54 = g. What is the remainder when s is divided by 7?
0
Let k(i) = 2*i - 23. Suppose -3*s + 4 - 13 = 0, 3*d + s - 12 = 0. Calculate the remainder when k(15) is divided by d.
2
Suppose -6 = 3*l, -x - 5*l + 4 = 13. Let h = 7 + -4. Suppose -15 = 5*r, h*r = -3*y - r - 6. Calculate the remainder when y is divided by x.
0
Suppose 7*l - 4*l = 36. Let r = l + 6. Calculate the remainder when r is divided by 5.
3
Let c(w) = -w**2 - 6*w - 3. Let s = -9 + 14. Suppose 5*i + v = 30, -25 = -s*v - 0*v. Calculate the remainder when i is divided by c(-5).
1
Let y = 5 + -9. Let z be ((-99)/12)/3*y. Suppose -k + z = -0. What is the remainder when 31 is divided by k?
9
Let v(m) = 2*m + 9. Let n be v(-7). Calculate the remainder when 26 is divided by ((-3)/n)/((-1)/(-15)).
8
Calculate the remainder when 9 is divided by (4/(-10))/(5/(-25)).
1
Suppose 5*o + 4*i - 5*i - 48 = 0, -o = -5*i - 24. Suppose 0 = -3*v + 35 + 67. Calculate the remainder when v is divided by o.
7
Let a(g) = -3 + 45*g**2 - 14*g**2 + 2. Suppose -5*t = -3*t + 2. Calculate the remainder when a(t) is divided by 16.
14
Let s(l) = 3*l + 2. Calculate the remainder when s(11) is divided by 19.
16
What is the remainder when (1*(-2)/2)/(80/(-2160)) is divided by 9?
0
Let y = 150 - 100. Suppose 5*r + 0*r - y = 0. Suppose -2*j - 87 = -5*j. What is the remainder when j is divided by r?
9
Let k(i) = i**2 - 2*i - 1. Let w be k(2). Let b = -15 - -32. What is the remainder when (w - 1) + b*2 is divided by 17?
15
What is the remainder when (2 - 0 - -64)*(-11)/(-33) is divided by 3/(-4)*-4*2?
4
Let t = -31 - -63. What is the remainder when 93 is divided by t?
29
Let p = -4 + 3. Let w be (-2 + 0 + -1)*-1. What is the remainder when p*(-3 - -2) + w is divided by 2?
0
Let b be (2 - (-15)/1)/1. Suppose -1 = 2*c - 3*c. Suppose 0 = -3*g + c + b. What is the remainder when 17 is divided by g?
5
Let k = 180 + -123. What is the remainder when k is divided by 15?
12
Let n(s) = 36*s**2 + s - 1. Let l be n(3). Let p be (-6)/(-9) - l/(-6). Suppose 2*m + 15 = p. What is the remainder when m is divided by 7?
6
Suppose 5*o - 9 = 2*o. Suppose o*n - 5*n + 42 = 0. What is the remainder when 62 is divided by n?
20
Calculate the remainder when (-184)/(-10) - (-16)/(-40) is divided by 3.
0
Let m = 14 - 9. Suppose -z - m*i + 9 = -3*i, 2*i + 27 = 3*z. What is the remainder when 25 is divided by z?
7
Let j(r) be the second derivative of 2*r**4/3 + r**3/3 - r**2/2 + 3*r. Calculate the remainder when j(-2) is divided by 14.
13
Suppose 0 = -3*u + x + 9, -10 = 3*u - 4*u - 2*x. Let k = u + -3. Suppose -k = -q + 7. Calculate the remainder when q is divided by 3.
2
Let h(k) = 9*k**2 - k + 1. Calculate the remainder when 2/(0 + 1) - (-73 - -61) is divided by h(1).
5
Let u = 0 - -3. Suppose -u*l + l + 4 = 0. Let b(s) = s - 3. Calculate the remainder when l is divided by b(5).
0
Let b(y) = y - 4. What is the remainder when 97 is divided by b(18)?
13
Suppose 37 + 18 = 5*o. Calculate the remainder when o is divided by 3.
2
Let h(q) = 20*q - 4. Let t be h(3). Suppose -3*c - t = -7*c. Calculate the remainder when (2/3)/((-2)/(-81)) is divided by c.
13
Suppose 0 = -5*f - 0*f + 195. Let v be -1 - -2 - (-18 - 2). Let w = f - v. What is the remainder when 52 is divided by w?
16
Suppose 2*x = -5*k - 18, k + 13 = -4*x - 5. What is the remainder when 0/(-2) - (-2)/2 is divided by -3*(k + 5/3)?
0
Suppose 0 = 3*k - 37 - 20. Calculate the remainder when k is divided by 4/(-2) + (-54)/(-6).
5
Let m(n) = 11*n - 2. Let f(p) = p**3. Let z be f(2). What is the remainder when m(z) is divided by 22?
20
Let m(w) = -w**2 + 33 - 4*w**2 + 4*w**2 + 9*w - 20. Calculate the remainder when 51 is divided by m(9).
12
Let q be (-2)/3*(-63)/1. Suppose 0 = -2*t + m - 14 + q, 3*t - 20 = -4*m. Calculate the remainder when 21 is divided by t.
9
Suppose -8*i - 693 = -29*i. Suppose 203 = z + 74. Calculate the remainder when z is divided by i.
30
Let c = 28 - 8. What is the rema